on divisor of w and x?
6
Let n be (182/(-21))/(1852/(-462) - -4). What is the highest common divisor of n and 91?
91
Let j be 110*(1/4 + 25/100). Calculate the highest common divisor of 35 and j.
5
Let o = -4951 + 7861. What is the greatest common divisor of 90 and o?
30
Suppose -5*u + 4*u = 2. Let q be (-26)/u - ((-36)/(-2))/6. Calculate the highest common divisor of 80 and q.
10
Let r(g) = g**3 - 9*g**2 - 25*g + 9. Let z be r(11). Let d be 7/42 - 644/z. Calculate the greatest common factor of d and 351.
27
Let i = 3638 + -3626. Calculate the greatest common factor of 177 and i.
3
Suppose 6*m = 3149 - 3071. Let k = -13 - 105. Let w = k - -235. What is the greatest common divisor of m and w?
13
Suppose -4*y + 0*n + 53 = n, 5*n = -15. Suppose 55 = z + a - 52, 5*z - 540 = -4*a. What is the highest common factor of y and z?
14
Let y(h) = -h**3 + 10*h**2 + 17*h + 40. Let v be y(10). Suppose -2*m = -2*i - 80, 0*m - v = -5*m + 3*i. Calculate the greatest common factor of 18 and m.
9
Let c = 38 + 16. Suppose -5*q = 3*z - 38, 3*z - 5*q + 73 = 71. Calculate the greatest common factor of c and z.
6
Let m = -4 + 7. Suppose 0 = 15*s - 12*s + 15, -m*d - s + 172 = 0. What is the greatest common factor of d and 354?
59
Let q(h) = -9*h**2 - h - 2. Let n be q(1). Let t be -2*(-1 + 78/n). Calculate the greatest common divisor of 435 and t.
15
Suppose -r + 2*a + 3852 = 0, 4*r - 104*a + 101*a - 15398 = 0. What is the highest common factor of r and 936?
104
Let i(b) = -b**3 - 7*b**2 + 7*b - 6. Let c be i(-8). Suppose 240 = 6*x + c*x. What is the greatest common divisor of 6 and x?
6
Let t be (-19580)/121 + (-8)/44. Let x = -50 - t. Calculate the greatest common divisor of x and 84.
28
Let q be -10 - 29 - (-3 - -1). Let x = q - -72. Calculate the highest common factor of x and 175.
35
Suppose 10*l - 93 = 27. Calculate the highest common divisor of 768 and l.
12
Let j = 5211 + -5207. Calculate the highest common factor of 9 and j.
1
Suppose 149 = x - 599. Let l(q) = 3*q**2 - 14*q - 12. Let o be l(8). What is the greatest common divisor of o and x?
68
Suppose 21*s - 18*s - 9 = 0. Suppose s = -12*v + 13*v. Suppose -4*k + v*m = -188, 0 = -4*k + 3*k + 5*m + 30. Calculate the greatest common factor of k and 10.
10
Suppose 28*c + 1780 = 30*c. Let m be (2 - (-34)/(-16)) + c/80. Suppose 0 = 2*z - 5*u + u - 24, 0 = 4*z + u - 93. What is the greatest common divisor of z and m?
11
Let o = 463 + -435. What is the greatest common divisor of o and 602?
14
Let f be 151/4 + (-15)/(-60). Let x(h) = 0*h - f*h**2 - 9 - 4*h + 41*h**2. Let b be x(-3). What is the highest common divisor of 30 and b?
30
Suppose -191 = u + 5*d, 18*u + 2*d + 818 = 14*u. Let h = u - -217. Calculate the greatest common factor of h and 77.
11
Let o be ((7 + -6)*-1 - -2)*1469. What is the highest common divisor of o and 52?
13
Let a = -17073 - -17099. Calculate the greatest common factor of 1937 and a.
13
Let o = -651 + 1446. Let s = 810 - o. Calculate the greatest common divisor of 10 and s.
5
Let i be (-3)/(-12)*74 + (-3)/6. Let k(q) = -8*q - 214. Let d be k(-27). Calculate the greatest common divisor of d and i.
2
Suppose m - 2 = 2*o, -18 - 7 = -5*o - 5*m. Suppose 0 = 23*j + 3652 - 455. Let r = -134 - j. Calculate the greatest common factor of r and o.
1
Let a = -488 - -1113. Suppose 0 = -34*s + 29*s + a. Suppose 2*y - 22 - 7 = -c, 2*c - 44 = 3*y. What is the highest common factor of s and c?
25
Suppose -22*n + 194 - 115 = -339. Let o(x) = -47*x + 2. Let c be o(-4). What is the greatest common factor of n and c?
19
Let a(r) = -2*r + 9. Let u be a(6). Let i(c) = 10*c**2 - 2*c - 3. Let v be i(u). Let l = -2453 + 2484. What is the highest common factor of l and v?
31
Let g = -110 - -214. Suppose 2*p = -3*j - 3, -6*p = -5*p - 5*j + 8. Let h be (p + 4)*(27 + 3 + -4). Calculate the greatest common divisor of h and g.
26
Let u = 199 - 103. Suppose 33*r - 13*r = 0. Suppose -2*z + 105 = -5*c + 2*c, r = -3*c - 9. Calculate the highest common divisor of z and u.
48
Suppose 2493240 = 136*c + 117*c + 10*c. Calculate the highest common divisor of c and 480.
120
Suppose 6*i + 58 = 35*i. Suppose 0 = -c + 5*u - 1 + 13, -i*u + 70 = 4*c. What is the greatest common factor of c and 1?
1
Suppose -4*w = 3*v - 11647, -4335 = -3*v + 3*w + 7305. Suppose -2*a = 5*c - v, 4*c - 2*a - 3770 = -658. Calculate the highest common factor of 21 and c.
21
Let m be (4/2 - 5)*(13 + -12). Let x(l) = -l**3 - 5*l**2 - 14*l - 3. Let j be x(m). Calculate the greatest common divisor of j and 119.
7
Let t = -626 - -704. Suppose -p = 2*p - 228. Let z = t - p. Calculate the highest common divisor of z and 3.
1
Suppose b - 5 = -7, -a - b = -76. Let x = -50 + a. Let t = 3619 + -3591. Calculate the highest common divisor of x and t.
28
Let o(i) = 884*i - 92. Let x be o(4). What is the highest common factor of x and 336?
84
Suppose 10*s - 384 = 6*s. Suppose -5*t - 3*d + 141 = -5*d, s = 3*t - 5*d. Let c(g) = -19*g + 113. Let r be c(5). What is the greatest common factor of r and t?
9
Suppose 0 = 4*i + 1637 - 221. Let p(c) = 34*c - 278. Let a be p(26). Let n = a + i. Calculate the greatest common factor of n and 28.
28
Suppose 4*f + 5*o - 119 = 50, -3*o - 93 = -3*f. Calculate the highest common factor of f and 48.
12
Suppose 4*r = -2*n - 2*n - 12, 0 = -5*n + 25. Let y(w) = -w**2 - w + 70. Let d be y(r). Calculate the highest common factor of 10 and d.
2
Let d be (-2790)/(-99) + 20/(-110). What is the greatest common factor of d and 5229?
7
Let i = 40 - 77. Let d = i - -43. Let m be (-340)/(-14) - d/21. What is the greatest common factor of 36 and m?
12
Suppose 5*a + 56*y = 61*y + 11445, 2294 = a + 4*y. What is the highest common divisor of 50 and a?
10
Let y(x) = -191*x + 5728. Let i be y(20). What is the highest common factor of i and 36?
36
Suppose 20 = 5*n, -4*t - 4*n = -7 - 21. Suppose a + 6 = t*m - m, -20 = 5*a. Let x be 1 + (-2 - (-3 + m)). Calculate the greatest common factor of x and 9.
1
Let x(r) = -3*r - 3 - 5*r + 0. Suppose f - 5*h = 6 + 8, 5*h = -4*f - 19. Let l be x(f). Calculate the greatest common factor of l and 1.
1
Let r be (-1)/((-8)/(-12) - 23/34). Let m be 12/(-48) - (-1362)/8. What is the greatest common factor of m and r?
34
Let r(d) = d + 2*d**2 - 3*d**2 + d - 181 - 19*d - 12*d. Let c be r(-16). What is the greatest common factor of 972 and c?
27
Suppose 0 = -4*r - 2*r - 300. Let i be -386*5/r - 9/15. Let j = i - -26. Calculate the greatest common divisor of j and 8.
8
Suppose -17*c + 2540 = -13*c. Let j = 646 - c. What is the greatest common divisor of j and 1485?
11
Let y = 3021 - 2692. Calculate the greatest common factor of 470 and y.
47
Let x(m) = 3658*m**3 - 50*m**2 + 39*m + 13. Let r be x(1). Calculate the greatest common factor of 427 and r.
61
Suppose 22*m - 99975 = 67115. What is the greatest common divisor of 70 and m?
35
Suppose 554*u = -3*u + 13368. Calculate the highest common factor of u and 19812.
12
Suppose 61*m + 3543 = 5*c + 58*m, -15*c - m = -10669. Calculate the highest common divisor of c and 1185.
237
Suppose -199*f = -184*f - 1800. Let o be (10/(-3))/(-5)*108. Calculate the highest common divisor of o and f.
24
Let u = 6586 + -6101. Calculate the greatest common factor of u and 194.
97
Suppose 3*t + 4*y = -5, 4*t - 15 = 3*t + 2*y. Suppose 96 = t*x - 10069. Calculate the highest common divisor of 19 and x.
19
Let w = -4722 + 4926. Calculate the highest common factor of 3825 and w.
51
Let f(b) = -b**2 + 16*b + 21. Let a(u) = -u - 1. Let w(s) = -3*a(s) + f(s). Let v be w(19). Let l = 6 + v. Calculate the greatest common divisor of l and 6.
6
Let b(i) = 65*i + 258. Let m be b(-3). What is the highest common divisor of 399 and m?
21
Let j(z) = -3*z**2 - 55*z - 46. Let g be j(-16). What is the highest common factor of 858 and g?
66
Let u(x) = 5*x - 108. Let i be u(24). Let g = 11 - 0. Let h = g - 7. Calculate the greatest common divisor of i and h.
4
Let a be 2/(-14) - -6*(-14036)/(-924). Suppose 3 = -3*l, 2*i + 2*i - 2*l = 106. What is the highest common divisor of i and a?
13
Let x be 5/1 + (-10)/5. Suppose x*z - 3*l - 30 = -0*z, 5 = -2*z - 3*l. Suppose 0 = -s - z + 18. Calculate the highest common factor of 52 and s.
13
Suppose -3*x = -7*x + 8*x. Let m(i) = i**2 - i + 5. Let n be m(x). Let s be -1*(0/(-4) - 2).